{"id":88715,"date":"2021-03-19T08:59:11","date_gmt":"2021-03-19T07:59:11","guid":{"rendered":"https:\/\/undsgn.com\/uncode\/?page_id=88715"},"modified":"2025-07-31T12:00:45","modified_gmt":"2025-07-31T12:00:45","slug":"about-corporation","status":"publish","type":"page","link":"https:\/\/spts.konin.pl\/index.php\/pages\/about-corporation\/","title":{"rendered":"About Corporation"},"content":{"rendered":"<div class=\"wpb-content-wrapper\"><p>&nbsp;<\/p>\n<p>[vc_row row_height_percent=&#8221;0&#8243; override_padding=&#8221;yes&#8221; h_padding=&#8221;2&#8243; top_padding=&#8221;0&#8243; bottom_padding=&#8221;5&#8243; overlay_alpha=&#8221;50&#8243; gutter_size=&#8221;4&#8243; column_width_percent=&#8221;100&#8243; shift_y=&#8221;0&#8243; z_index=&#8221;0&#8243;][vc_column column_width_percent=&#8221;100&#8243; gutter_size=&#8221;3&#8243; overlay_alpha=&#8221;50&#8243; shift_x=&#8221;0&#8243; shift_y=&#8221;0&#8243; shift_y_down=&#8221;0&#8243; z_index=&#8221;0&#8243; medium_width=&#8221;3&#8243; mobile_width=&#8221;0&#8243; width=&#8221;1\/3&#8243; uncode_shortcode_id=&#8221;168750&#8243;][vc_single_image media=&#8221;118123&#8243; media_width_percent=&#8221;100&#8243; media_ratio=&#8221;one-one&#8221; uncode_shortcode_id=&#8221;187291&#8243;][vc_custom_heading text_size=&#8221;h4&#8243; text_weight=&#8221;300&#8243; text_height=&#8221;fontheight-357766&#8243; sub_lead=&#8221;yes&#8221; sub_reduced=&#8221;yes&#8221; subheading=&#8221;W naszej spo\u0142eczno\u015bci promujemy holistyczne podej\u015bcie do edukacji, \u0142\u0105cz\u0105c teori\u0119 z praktyk\u0105. Wierzymy, \u017ce nauka jest kluczem do osobistego rozwoju i sukcesu w \u017cyciu. Nasz zesp\u00f3\u0142 ekspert\u00f3w z r\u00f3\u017cnych dziedzin wspiera uczni\u00f3w, zach\u0119caj\u0105c ich do ci\u0105g\u0142ego uczenia si\u0119 i dzielenia si\u0119 wiedz\u0105 z innymi. Inspirujemy si\u0119 s\u0142owami Arystotelesa, kt\u00f3ry mawia\u0142, \u017ce \u201ewykszta\u0142cenie to najlepsze wyposa\u017cenie na staro\u015b\u0107\u201d. Do\u0142\u0105cz do nas i zainwestuj w swoj\u0105 przysz\u0142o\u015b\u0107, ucz\u0105c si\u0119 od najlepszych.&#8221; uncode_shortcode_id=&#8221;180702&#8243;]<\/p>\n<h1>M\u0105drzy ludzie<\/h1>\n<p>[\/vc_custom_heading][\/vc_column][vc_column column_width_percent=&#8221;100&#8243; gutter_size=&#8221;3&#8243; overlay_alpha=&#8221;50&#8243; shift_x=&#8221;0&#8243; shift_y=&#8221;0&#8243; shift_y_down=&#8221;0&#8243; z_index=&#8221;0&#8243; medium_width=&#8221;3&#8243; mobile_width=&#8221;0&#8243; width=&#8221;1\/3&#8243; uncode_shortcode_id=&#8221;201957&#8243;][vc_single_image media=&#8221;118009&#8243; media_width_percent=&#8221;100&#8243; media_ratio=&#8221;one-one&#8221; uncode_shortcode_id=&#8221;159572&#8243;][vc_custom_heading text_size=&#8221;h4&#8243; text_weight=&#8221;300&#8243; text_height=&#8221;fontheight-357766&#8243; sub_lead=&#8221;yes&#8221; sub_reduced=&#8221;yes&#8221; subheading=&#8221;W naszej szkole kultywujemy warto\u015bci chrze\u015bcija\u0144skie, promuj\u0105c mi\u0142o\u015b\u0107, rozum i duchowo\u015b\u0107. Nasza misja to nie tylko kszta\u0142cenie m\u0142odych ludzi, ale tak\u017ce inspirowanie ich do d\u0105\u017cenia do \u015bwi\u0119to\u015bci w codziennym \u017cyciu. Z nami odkryjesz, jak by\u0107 dobrym chrze\u015bcijaninem, \u0142\u0105cz\u0105c wiar\u0119 z praktycznym podej\u015bciem do \u017cycia. Zadajemy pytanie: \u201eCzy chcesz by\u0107 \u015bwi\u0119tym?\u201d i zach\u0119camy do refleksji nad tym, jak mo\u017cna osi\u0105gn\u0105\u0107 ten cel, b\u0119d\u0105c jednocze\u015bnie autentycznym i pe\u0142nym mi\u0142o\u015bci.&#8221; uncode_shortcode_id=&#8221;176768&#8243;]<\/p>\n<h1>Dobrzy chrze\u015bcijanie<\/h1>\n<p>[\/vc_custom_heading][\/vc_column][vc_column column_width_percent=&#8221;100&#8243; gutter_size=&#8221;3&#8243; overlay_alpha=&#8221;50&#8243; shift_x=&#8221;0&#8243; shift_y=&#8221;0&#8243; shift_y_down=&#8221;0&#8243; z_index=&#8221;0&#8243; medium_width=&#8221;3&#8243; mobile_width=&#8221;0&#8243; width=&#8221;1\/3&#8243; uncode_shortcode_id=&#8221;134163&#8243;][vc_single_image media=&#8221;118121&#8243; media_width_percent=&#8221;100&#8243; media_ratio=&#8221;one-one&#8221; uncode_shortcode_id=&#8221;139616&#8243;][vc_custom_heading text_size=&#8221;h4&#8243; text_weight=&#8221;300&#8243; text_height=&#8221;fontheight-357766&#8243; sub_lead=&#8221;yes&#8221; sub_reduced=&#8221;yes&#8221; subheading=&#8221;&#8222;Wychowanie jest spraw\u0105 serca&#8222; W naszej edukacyjnej filozofii kluczowe jest budowanie silnych relacji opartych na zaufaniu i mi\u0142o\u015bci. Inspiruj\u0105c si\u0119 s\u0142owami Ksi\u0119dza Bosko, staramy si\u0119 stworzy\u0107 \u015brodowisko, w kt\u00f3rym ka\u017cdy uczniak mo\u017ce si\u0119 rozwija\u0107 w atmosferze wzajemnego szacunku i zrozumienia. Uczymy, jak by\u0107 uczciwym obywatelem, promuj\u0105c warto\u015bci takie jak empatia, odpowiedzialno\u015b\u0107 i wsp\u00f3\u0142praca. Wierzymy, \u017ce w\u0142a\u015bciwe wychowanie otwiera drzwi do sukcesu i pozwala zbudowa\u0107 spo\u0142eczno\u015b\u0107, w kt\u00f3rej ka\u017cdy mo\u017ce si\u0119 czu\u0107 kochany i doceniany.&#8221; uncode_shortcode_id=&#8221;859558&#8243;]<\/p>\n<h1>Uczciwi obywatele<\/h1>\n<p>&nbsp;<\/p>\n<p>[\/vc_custom_heading][\/vc_column][\/vc_row][vc_row unlock_row_content=&#8221;yes&#8221; row_height_percent=&#8221;0&#8243; override_padding=&#8221;yes&#8221; h_padding=&#8221;0&#8243; top_padding=&#8221;0&#8243; bottom_padding=&#8221;0&#8243; back_color=&#8221;color-wayh&#8221; overlay_alpha=&#8221;50&#8243; equal_height=&#8221;yes&#8221; gutter_size=&#8221;0&#8243; shift_y=&#8221;0&#8243;][vc_column column_width_percent=&#8221;100&#8243; gutter_size=&#8221;3&#8243; override_padding=&#8221;yes&#8221; column_padding=&#8221;4&#8243; style=&#8221;dark&#8221; back_image=&#8221;44&#8243; parallax=&#8221;yes&#8221; overlay_color=&#8221;color-105898&#8243; overlay_alpha=&#8221;0&#8243; shift_x=&#8221;0&#8243; shift_y=&#8221;0&#8243; shift_y_down=&#8221;0&#8243; z_index=&#8221;0&#8243; align_medium=&#8221;align_center_tablet&#8221; medium_width=&#8221;0&#8243; align_mobile=&#8221;align_center_mobile&#8221; mobile_width=&#8221;0&#8243; width=&#8221;6\/12&#8243; uncode_shortcode_id=&#8221;489054&#8243; back_color_type=&#8221;uncode-solid&#8221; back_color_solid=&#8221;#c90802&#8243; overlay_color_type=&#8221;uncode-palette&#8221;][vc_custom_heading 0=&#8221;\u00a0&#8221; 1=&#8221;`{`\/vc_custom_heading&#8221; text_size=&#8221;fontsize-155944&#8243; subheading=&#8221;<br \/>\nKa\u017cde zdj\u0119cie to co\u015b wi\u0119cej ni\u017c tylko kadr \u2013 to zapis chwili, emocji i wsp\u00f3lnych do\u015bwiadcze\u0144. Ta galeria to opowie\u015b\u0107 o nas: o ludziach, kt\u00f3rzy tworz\u0105 t\u0119 spo\u0142eczno\u015b\u0107, o wydarzeniach, kt\u00f3re nas po\u0142\u0105czy\u0142y, i o miejscach, kt\u00f3re sta\u0142y si\u0119 cz\u0119\u015bci\u0105 naszej codzienno\u015bci. Przez ostatnie lata wydarzy\u0142o si\u0119 naprawd\u0119 wiele. By\u0142y momenty rado\u015bci, sukces\u00f3w, intensywnej pracy, ale te\u017c zwyk\u0142ej, codziennej obecno\u015bci \u2013 i to w\u0142a\u015bnie one sk\u0142adaj\u0105 si\u0119 na nasz\u0105 histori\u0119. Zmieniali\u015bmy si\u0119, rozwijali\u015bmy i budowali\u015bmy co\u015b, z czego dzi\u015b jeste\u015bmy dumni.<br \/>\nZapraszamy Ci\u0119 do obejrzenia galerii zdj\u0119\u0107, kt\u00f3re najlepiej oddaj\u0105 klimat minionych lat. Znajdziesz tu nasze wspomnienia \u2013 ma\u0142e fragmenty wi\u0119kszej opowie\u015bci, kt\u00f3ra nadal trwa.<br \/>\n&#8221; uncode_shortcode_id=&#8221;191810&#8243;]<\/p>\n<h2>\u00a0Nasza Historia<\/h2>\n<p>&nbsp;<\/p>\n<p>&nbsp;<\/p>\n<p>[\/vc_custom_heading][\/vc_column][\/vc_row][vc_row unlock_row_content=&#8221;yes&#8221; row_height_percent=&#8221;0&#8243; override_padding=&#8221;yes&#8221; h_padding=&#8221;0&#8243; top_padding=&#8221;0&#8243; bottom_padding=&#8221;0&#8243; back_color=&#8221;color-wayh&#8221; overlay_alpha=&#8221;50&#8243; equal_height=&#8221;yes&#8221; gutter_size=&#8221;0&#8243; shift_y=&#8221;0&#8243;][vc_column column_width_percent=&#8221;100&#8243; gutter_size=&#8221;3&#8243; override_padding=&#8221;yes&#8221; column_padding=&#8221;4&#8243; style=&#8221;dark&#8221; back_image=&#8221;44&#8243; parallax=&#8221;yes&#8221; overlay_color=&#8221;color-105898&#8243; overlay_alpha=&#8221;0&#8243; shift_x=&#8221;0&#8243; shift_y=&#8221;0&#8243; shift_y_down=&#8221;0&#8243; z_index=&#8221;0&#8243; align_medium=&#8221;align_center_tablet&#8221; medium_width=&#8221;0&#8243; align_mobile=&#8221;align_center_mobile&#8221; mobile_width=&#8221;0&#8243; width=&#8221;6\/12&#8243; uncode_shortcode_id=&#8221;168181&#8243; back_color_type=&#8221;uncode-solid&#8221; back_color_solid=&#8221;#e5022a&#8221; overlay_color_type=&#8221;uncode-palette&#8221;][vc_custom_heading text_size=&#8221;fontsize-155944&#8243; subheading=&#8221;Obejrzyj filmy o nas i poznaj bli\u017cej naszego Dyrektora!<\/p>\n<p>Nasza Szko\u0142a Podstawowa jest t\u0119tni\u0105c\u0105 \u017cyciem, kwitn\u0105c\u0105, opieku\u0144cz\u0105 spo\u0142eczno\u015bci\u0105, w kt\u00f3rej dzieci s\u0105 entuzjastycznie nastawione i zmotywowane do osi\u0105gni\u0119cia niesko\u0144czonych mo\u017cliwo\u015bci jaki daje im \u015bwiat nauki. Chrystus jest w centrum \u017cycia, dzieci natomiast s\u0105 w centrum ka\u017cdej Naszej decyzji, kt\u00f3r\u0105 podejmujemy, aby zapewni\u0107 im szcz\u0119\u015bcie, samodzielno\u015b\u0107 i pewno\u015b\u0107 siebie.<br \/>\nMotywujemy naszych uczni\u00f3w, aby zdobywali szczyty swoich umiej\u0119tno\u015bci, jednocze\u015bnie tworz\u0105c radosne, szcz\u0119\u015bliwe wspomnienia.<br \/>\nJeste\u015bmy dumni z tego, \u017ce dzieci piel\u0119gnuj\u0105 pasj\u0119 do nauki i ciekawo\u015b\u0107 otaczaj\u0105cego ich \u015bwiata. Dzi\u0119ki naszemu szerokiemu i anga\u017cuj\u0105cemu programowi nauczania dzieci otrzymuj\u0105 wiedz\u0119 i umiej\u0119tno\u015bci potrzebne do uczenia si\u0119 przez ca\u0142e ich \u017cycie. Oferujemy dobrze dopracowany program nauczania,<br \/>\nw kt\u00f3rym indywidualne talenty s\u0105 dostrzegane i piel\u0119gnowane, aby zapewni\u0107 wszystkim dzieciom sukces i wydoby\u0107 z nich pe\u0142ny potencja\u0142 jako przyszli prawi i dobrzy obywatele.<\/p>\n<p>Nasza szko\u0142a ma utalentowany i oddany zesp\u00f3\u0142, kt\u00f3ry ci\u0119\u017cko pracuje ka\u017cdego dnia, aby osi\u0105gn\u0105\u0107 najwy\u017csze standardy we wszystkim, co robimy. Udane relacje z naszymi rodzinami, nasz\u0105 parafi\u0105 i lokaln\u0105 spo\u0142eczno\u015bci\u0105 s\u0105 dla nas niezwykle wa\u017cne. Jeste\u015bmy przekonani, \u017ce edukacja jest oparta na partnerstwie mi\u0119dzy domem, szko\u0142\u0105 i spo\u0142eczno\u015bci\u0105 w jakiej \u017cyjemy.<\/p>\n<p>Z niecierpliwo\u015bci\u0105 czekamy na spotkanie z Waszymi Dzie\u0107mi!<br \/>\nZapraszamy was w nasz\u0105 ekscytuj\u0105c\u0105 podr\u00f3\u017cy w kierunku wyj\u0105tkowej przysz\u0142o\u015bci.&#8221; uncode_shortcode_id=&#8221;111229&#8243;]<\/p>\n<h2 style=\"text-align: center;\"><span class=\"font-613363 font-339240 font-175345\">Dowiedz si\u0119 wi\u0119cej!<\/span><\/h2>\n<p>[\/vc_custom_heading][\/vc_column][vc_column column_width_percent=&#8221;100&#8243; position_vertical=&#8221;middle&#8221; align_horizontal=&#8221;align_center&#8221; gutter_size=&#8221;3&#8243; override_padding=&#8221;yes&#8221; column_padding=&#8221;4&#8243; style=&#8221;dark&#8221; back_image=&#8221;41&#8243; overlay_color=&#8221;color-jevc&#8221; overlay_alpha=&#8221;100&#8243; shift_x=&#8221;0&#8243; shift_y=&#8221;0&#8243; shift_y_down=&#8221;0&#8243; z_index=&#8221;0&#8243; medium_width=&#8221;0&#8243; mobile_width=&#8221;0&#8243; width=&#8221;3\/12&#8243; mobile_height=&#8221;280&#8243; uncode_shortcode_id=&#8221;538939&#8243; overlay_color_type=&#8221;uncode-palette&#8221;][vc_raw_html]JTNDaWZyYW1lJTIwd2lkdGglM0QlMjIxMDAwJTIyJTIwaGVpZ2h0JTNEJTIyNDAwJTIyJTIwc3JjJTNEJTIyaHR0cHMlM0ElMkYlMkZ3d3cueW91dHViZS5jb20lMkZlbWJlZCUyRmN3M2Q4ZlR1SWIwJTIyJTIwdGl0bGUlM0QlMjJZb3VUdWJlJTIwdmlkZW8lMjBwbGF5ZXIlMjIlMjBmcmFtZWJvcmRlciUzRCUyMjAlMjIlMjBhbGxvdyUzRCUyMmFjY2VsZXJvbWV0ZXIlM0IlMjBhdXRvcGxheSUzQiUyMGNsaXBib2FyZC13cml0ZSUzQiUyMGVuY3J5cHRlZC1tZWRpYSUzQiUyMGd5cm9zY29wZSUzQiUyMHBpY3R1cmUtaW4tcGljdHVyZSUzQiUyMHdlYi1zaGFyZSUyMiUyMGFsbG93ZnVsbHNjcmVlbiUzRSUzQyUyRmlmcmFtZSUzRSUwQQ==[\/vc_raw_html][vc_raw_html]JTNDaWZyYW1lJTIwd2lkdGglM0QlMjI1NjAlMjIlMjBoZWlnaHQlM0QlMjIzMTUlMjIlMjBzcmMlM0QlMjJodHRwcyUzQSUyRiUyRnd3dy55b3V0dWJlLmNvbSUyRmVtYmVkJTJGVHZBM0lLSUZZZUklM0ZzaSUzRFRPcWZoZ2Nhb0ZnNnRiQlglMjIlMjB0aXRsZSUzRCUyMllvdVR1YmUlMjB2aWRlbyUyMHBsYXllciUyMiUyMGZyYW1lYm9yZGVyJTNEJTIyMCUyMiUyMGFsbG93JTNEJTIyYWNjZWxlcm9tZXRlciUzQiUyMGF1dG9wbGF5JTNCJTIwY2xpcGJvYXJkLXdyaXRlJTNCJTIwZW5jcnlwdGVkLW1lZGlhJTNCJTIwZ3lyb3Njb3BlJTNCJTIwcGljdHVyZS1pbi1waWN0dXJlJTNCJTIwd2ViLXNoYXJlJTIyJTIwYWxsb3dmdWxsc2NyZWVuJTNFJTNDJTJGaWZyYW1lJTNF[\/vc_raw_html][vc_single_image][\/vc_column][vc_column column_width_percent=&#8221;100&#8243; position_vertical=&#8221;middle&#8221; align_horizontal=&#8221;align_center&#8221; gutter_size=&#8221;3&#8243; override_padding=&#8221;yes&#8221; column_padding=&#8221;4&#8243; back_color=&#8221;color-jevc&#8221; overlay_alpha=&#8221;50&#8243; shift_x=&#8221;0&#8243; shift_y=&#8221;0&#8243; shift_y_down=&#8221;0&#8243; z_index=&#8221;0&#8243; align_medium=&#8221;align_center_tablet&#8221; medium_width=&#8221;0&#8243; align_mobile=&#8221;align_center_mobile&#8221; mobile_width=&#8221;0&#8243; width=&#8221;3\/12&#8243; uncode_shortcode_id=&#8221;146802&#8243; back_color_type=&#8221;uncode-palette&#8221;][vc_raw_html]JTNDaWZyYW1lJTIwd2lkdGglM0QlMjI1NjAlMjIlMjBoZWlnaHQlM0QlMjIzMTUlMjIlMjBzcmMlM0QlMjJodHRwcyUzQSUyRiUyRnd3dy55b3V0dWJlLmNvbSUyRmVtYmVkJTJGR3VkRjh3cjZ6S3MlMjIlMjB0aXRsZSUzRCUyMllvdVR1YmUlMjB2aWRlbyUyMHBsYXllciUyMiUyMGZyYW1lYm9yZGVyJTNEJTIyMCUyMiUyMGFsbG93JTNEJTIyYWNjZWxlcm9tZXRlciUzQiUyMGF1dG9wbGF5JTNCJTIwY2xpcGJvYXJkLXdyaXRlJTNCJTIwZW5jcnlwdGVkLW1lZGlhJTNCJTIwZ3lyb3Njb3BlJTNCJTIwcGljdHVyZS1pbi1waWN0dXJlJTNCJTIwd2ViLXNoYXJlJTIyJTIwYWxsb3dmdWxsc2NyZWVuJTNFJTNDJTJGaWZyYW1lJTNF[\/vc_raw_html][vc_single_image][vc_raw_html]JTNDaWZyYW1lJTIwd2lkdGglM0QlMjI1NjAlMjIlMjBoZWlnaHQlM0QlMjIzMTUlMjIlMjBzcmMlM0QlMjJodHRwcyUzQSUyRiUyRnd3dy55b3V0dWJlLmNvbSUyRmVtYmVkJTJGbThrRUo5VDA3ajQlM0ZzaSUzRDJ1RndMSElSTDhLSEo5Ny0lMjIlMjB0aXRsZSUzRCUyMllvdVR1YmUlMjB2aWRlbyUyMHBsYXllciUyMiUyMGZyYW1lYm9yZGVyJTNEJTIyMCUyMiUyMGFsbG93JTNEJTIyYWNjZWxlcm9tZXRlciUzQiUyMGF1dG9wbGF5JTNCJTIwY2xpcGJvYXJkLXdyaXRlJTNCJTIwZW5jcnlwdGVkLW1lZGlhJTNCJTIwZ3lyb3Njb3BlJTNCJTIwcGljdHVyZS1pbi1waWN0dXJlJTNCJTIwd2ViLXNoYXJlJTIyJTIwYWxsb3dmdWxsc2NyZWVuJTNFJTNDJTJGaWZyYW1lJTNF[\/vc_raw_html][vc_single_image][\/vc_column][\/vc_row][vc_row row_height_percent=&#8221;0&#8243; override_padding=&#8221;yes&#8221; h_padding=&#8221;2&#8243; top_padding=&#8221;0&#8243; bottom_padding=&#8221;5&#8243; overlay_alpha=&#8221;50&#8243; gutter_size=&#8221;4&#8243; column_width_percent=&#8221;100&#8243; shift_y=&#8221;0&#8243; z_index=&#8221;0&#8243; el_class=&#8221;inverted-device-order&#8221;][vc_column column_width_percent=&#8221;100&#8243; gutter_size=&#8221;3&#8243; overlay_alpha=&#8221;50&#8243; shift_x=&#8221;0&#8243; shift_y=&#8221;-5&#8243; shift_y_down=&#8221;0&#8243; z_index=&#8221;0&#8243; medium_width=&#8221;0&#8243; mobile_width=&#8221;0&#8243; width=&#8221;7\/12&#8243;][vc_single_image media=&#8221;44&#8243; media_width_percent=&#8221;100&#8243; media_ratio=&#8221;four-three&#8221; shadow=&#8221;yes&#8221; shadow_weight=&#8221;std&#8221;][\/vc_column][\/vc_row][vc_row unlock_row_content=&#8221;yes&#8221; row_height_percent=&#8221;50&#8243; override_padding=&#8221;yes&#8221; h_padding=&#8221;0&#8243; top_padding=&#8221;0&#8243; bottom_padding=&#8221;0&#8243; back_color=&#8221;color-xsdn&#8221; overlay_alpha=&#8221;0&#8243; equal_height=&#8221;yes&#8221; gutter_size=&#8221;0&#8243; column_width_percent=&#8221;100&#8243; shift_y=&#8221;0&#8243; z_index=&#8221;0&#8243; uncode_shortcode_id=&#8221;131531&#8243; back_color_type=&#8221;uncode-palette&#8221;][vc_column column_width_percent=&#8221;100&#8243; gutter_size=&#8221;0&#8243; style=&#8221;dark&#8221; overlay_alpha=&#8221;50&#8243; shift_x=&#8221;0&#8243; shift_y=&#8221;0&#8243; shift_y_down=&#8221;0&#8243; z_index=&#8221;0&#8243; medium_width=&#8221;0&#8243; mobile_width=&#8221;0&#8243; width=&#8221;1\/2&#8243; uncode_shortcode_id=&#8221;198990&#8243;][vc_row_inner row_inner_height_percent=&#8221;50&#8243; back_color=&#8221;color-wvjs&#8221; overlay_alpha=&#8221;50&#8243; gutter_size=&#8221;3&#8243; shift_y=&#8221;0&#8243; limit_content=&#8221;&#8221;][vc_column_inner column_width_percent=&#8221;100&#8243; gutter_size=&#8221;3&#8243; override_padding=&#8221;yes&#8221; column_padding=&#8221;4&#8243; style=&#8221;dark&#8221; back_color=&#8221;color-wvjs&#8221; overlay_alpha=&#8221;0&#8243; shift_x=&#8221;0&#8243; shift_y=&#8221;0&#8243; shift_y_down=&#8221;0&#8243; z_index=&#8221;0&#8243; medium_width=&#8221;0&#8243; mobile_width=&#8221;0&#8243; width=&#8221;1\/1&#8243; uncode_shortcode_id=&#8221;248561&#8243; back_color_type=&#8221;uncode-palette&#8221;][vc_custom_heading heading_semantic=&#8221;h1&#8243; text_size=&#8221;h1&#8243; uncode_shortcode_id=&#8221;184879&#8243;]<\/p>\n<h1><strong>Nasza szko\u0142a \u015bwietnie Ro(c)kuje !<\/strong><\/h1>\n<p>[\/vc_custom_heading][vc_column_text text_lead=&#8221;yes&#8221; uncode_shortcode_id=&#8221;312720&#8243;]Dobrze Ro(c)kujemy daj\u0105c m\u0142odemu cz\u0142owiekowi przestrze\u0144 do rozwijania swoich talent\u00f3w i zainteresowa\u0144[\/vc_column_text][\/vc_column_inner][\/vc_row_inner][vc_row_inner row_inner_height_percent=&#8221;50&#8243; overlay_alpha=&#8221;50&#8243; equal_height=&#8221;yes&#8221; gutter_size=&#8221;0&#8243; shift_y=&#8221;0&#8243; limit_content=&#8221;&#8221;][vc_column_inner column_width_percent=&#8221;100&#8243; gutter_size=&#8221;3&#8243; override_padding=&#8221;yes&#8221; column_padding=&#8221;4&#8243; style=&#8221;dark&#8221; back_color=&#8221;color-jevc&#8221; overlay_color=&#8221;accent&#8221; overlay_alpha=&#8221;0&#8243; shift_x=&#8221;0&#8243; shift_y=&#8221;0&#8243; shift_y_down=&#8221;0&#8243; z_index=&#8221;0&#8243; medium_width=&#8221;0&#8243; mobile_width=&#8221;0&#8243; width=&#8221;1\/2&#8243; uncode_shortcode_id=&#8221;385407&#8243; back_color_type=&#8221;uncode-palette&#8221; overlay_color_type=&#8221;uncode-palette&#8221;][vc_icon icon=&#8221;fa fa-cogs&#8221; size=&#8221;fa-4x&#8221; align=&#8221;left&#8221; title=&#8221;Rozwijamy zainteresowania&#8221; uncode_shortcode_id=&#8221;221551&#8243;][\/vc_icon][\/vc_column_inner][vc_column_inner column_width_percent=&#8221;100&#8243; gutter_size=&#8221;3&#8243; override_padding=&#8221;yes&#8221; column_padding=&#8221;4&#8243; style=&#8221;dark&#8221; overlay_alpha=&#8221;50&#8243; shift_x=&#8221;0&#8243; shift_y=&#8221;0&#8243; shift_y_down=&#8221;0&#8243; z_index=&#8221;0&#8243; medium_width=&#8221;0&#8243; mobile_width=&#8221;0&#8243; width=&#8221;1\/2&#8243; uncode_shortcode_id=&#8221;870290&#8243; back_color_type=&#8221;uncode-solid&#8221; back_color_solid=&#8221;#E5022A&#8221;][vc_icon icon=&#8221;fa fa-star&#8221; icon_color=&#8221;color-xsdn&#8221; size=&#8221;fa-4x&#8221; align=&#8221;left&#8221; title=&#8221;Wspieramy talenty&#8221; uncode_shortcode_id=&#8221;133437&#8243; icon_color_type=&#8221;uncode-palette&#8221;][\/vc_icon][\/vc_column_inner][\/vc_row_inner][\/vc_column][vc_column column_width_percent=&#8221;100&#8243; gutter_size=&#8221;3&#8243; override_padding=&#8221;yes&#8221; column_padding=&#8221;4&#8243; style=&#8221;light&#8221; back_color=&#8221;color-xsdn&#8221; back_image=&#8221;117985&#8243; overlay_alpha=&#8221;50&#8243; shift_x=&#8221;0&#8243; shift_y=&#8221;0&#8243; shift_y_down=&#8221;0&#8243; z_index=&#8221;0&#8243; medium_width=&#8221;0&#8243; mobile_width=&#8221;0&#8243; width=&#8221;1\/2&#8243; mobile_height=&#8221;340&#8243; uncode_shortcode_id=&#8221;125758&#8243; back_color_type=&#8221;uncode-palette&#8221;][\/vc_column][\/vc_row][vc_row row_height_percent=&#8221;0&#8243; override_padding=&#8221;yes&#8221; h_padding=&#8221;2&#8243; top_padding=&#8221;5&#8243; bottom_padding=&#8221;5&#8243; overlay_alpha=&#8221;50&#8243; gutter_size=&#8221;3&#8243; column_width_percent=&#8221;100&#8243; shift_y=&#8221;0&#8243; z_index=&#8221;0&#8243;][vc_column column_width_percent=&#8221;100&#8243; gutter_size=&#8221;4&#8243; overlay_alpha=&#8221;50&#8243; shift_x=&#8221;0&#8243; shift_y=&#8221;0&#8243; shift_y_down=&#8221;-1&#8243; z_index=&#8221;1&#8243; medium_width=&#8221;3&#8243; mobile_width=&#8221;0&#8243; width=&#8221;1\/1&#8243; uncode_shortcode_id=&#8221;205071&#8243;][vc_row_inner row_inner_height_percent=&#8221;0&#8243; overlay_alpha=&#8221;50&#8243; gutter_size=&#8221;1&#8243; shift_y=&#8221;0&#8243; z_index=&#8221;0&#8243; limit_content=&#8221;&#8221;][vc_column_inner column_width_percent=&#8221;100&#8243; gutter_size=&#8221;2&#8243; overlay_alpha=&#8221;50&#8243; shift_x=&#8221;0&#8243; shift_y=&#8221;0&#8243; shift_y_down=&#8221;0&#8243; z_index=&#8221;0&#8243; align_medium=&#8221;align_center_tablet&#8221; medium_width=&#8221;4&#8243; align_mobile=&#8221;align_center_mobile&#8221; mobile_width=&#8221;0&#8243; radius=&#8221;sm&#8221; width=&#8221;1\/4&#8243;][uncode_counter value=&#8221;2600&#8243; size=&#8221;fontsize-338686&#8243; weight=&#8221;600&#8243; height=&#8221;fontheight-179065&#8243; suffix=&#8221;m\u00b2&#8221; uncode_shortcode_id=&#8221;155140&#8243; counter_color_type=&#8221;uncode-solid&#8221; counter_color_solid=&#8221;#e5022a&#8221;][vc_column_text uncode_shortcode_id=&#8221;169305&#8243;]<\/p>\n<h3>Powierzchni przeznaczonej do prowadzenia zaj\u0119\u0107 edukacyjnych na najwy\u017cszym poziomie<\/h3>\n<p>[\/vc_column_text][\/vc_column_inner][vc_column_inner column_width_percent=&#8221;100&#8243; gutter_size=&#8221;2&#8243; overlay_alpha=&#8221;50&#8243; shift_x=&#8221;0&#8243; shift_y=&#8221;0&#8243; shift_y_down=&#8221;0&#8243; z_index=&#8221;0&#8243; align_medium=&#8221;align_center_tablet&#8221; medium_width=&#8221;4&#8243; align_mobile=&#8221;align_center_mobile&#8221; mobile_width=&#8221;0&#8243; radius=&#8221;sm&#8221; width=&#8221;1\/4&#8243;][uncode_counter value=&#8221;15579&#8243; size=&#8221;fontsize-338686&#8243; weight=&#8221;600&#8243; height=&#8221;fontheight-179065&#8243; suffix=&#8221;m\u00b2&#8221; uncode_shortcode_id=&#8221;155159&#8243; counter_color_type=&#8221;uncode-solid&#8221; counter_color_solid=&#8221;#e5022a&#8221;][vc_column_text uncode_shortcode_id=&#8221;196273&#8243;]<\/p>\n<h3>Ogrodzonych teren\u00f3w zielonych daj\u0105cych relaks i koj\u0105cych umys\u0142<\/h3>\n<p>[\/vc_column_text][\/vc_column_inner][vc_column_inner column_width_percent=&#8221;100&#8243; gutter_size=&#8221;2&#8243; overlay_alpha=&#8221;50&#8243; shift_x=&#8221;0&#8243; shift_y=&#8221;0&#8243; shift_y_down=&#8221;0&#8243; z_index=&#8221;0&#8243; align_medium=&#8221;align_center_tablet&#8221; medium_width=&#8221;4&#8243; align_mobile=&#8221;align_center_mobile&#8221; mobile_width=&#8221;0&#8243; width=&#8221;1\/4&#8243;][uncode_counter value=&#8221;2445&#8243; size=&#8221;fontsize-338686&#8243; weight=&#8221;600&#8243; height=&#8221;fontheight-179065&#8243; suffix=&#8221;m\u00b2&#8221; uncode_shortcode_id=&#8221;932027&#8243; counter_color_type=&#8221;uncode-solid&#8221; counter_color_solid=&#8221;#e5022a&#8221;][vc_column_text uncode_shortcode_id=&#8221;632796&#8243;]<\/p>\n<h3>Nowoczesnego boiska sportowego ze sztuczn\u0105 traw\u0105<\/h3>\n<p>[\/vc_column_text][\/vc_column_inner][\/vc_row_inner][\/vc_column][\/vc_row][vc_row unlock_row_content=&#8221;yes&#8221; row_height_percent=&#8221;0&#8243; override_padding=&#8221;yes&#8221; h_padding=&#8221;2&#8243; top_padding=&#8221;5&#8243; bottom_padding=&#8221;5&#8243; overlay_alpha=&#8221;50&#8243; gutter_size=&#8221;3&#8243; column_width_percent=&#8221;100&#8243; shift_y=&#8221;0&#8243; z_index=&#8221;0&#8243; uncode_shortcode_id=&#8221;592040&#8243;][vc_column column_width_use_pixel=&#8221;yes&#8221; align_horizontal=&#8221;align_center&#8221; gutter_size=&#8221;3&#8243; overlay_alpha=&#8221;50&#8243; shift_x=&#8221;0&#8243; shift_y=&#8221;0&#8243; shift_y_down=&#8221;0&#8243; z_index=&#8221;0&#8243; medium_width=&#8221;0&#8243; mobile_width=&#8221;0&#8243; width=&#8221;1\/1&#8243; column_width_pixel=&#8221;900&#8243;][vc_custom_heading heading_semantic=&#8221;h4&#8243; text_size=&#8221;fontsize-155944&#8243; uncode_shortcode_id=&#8221;143722&#8243; text_color_type=&#8221;uncode-solid&#8221; text_color_solid=&#8221;#e5022a&#8221;]<\/p>\n<h1>Wielkie Idee potrzebuj\u0105 czasu, aby rozkwitn\u0105\u0107<\/h1>\n<p>[\/vc_custom_heading][uncode_twentytwenty media_before=&#8221;118000&#8243; media_after=&#8221;118001&#8243;][vc_column_text text_lead=&#8221;yes&#8221; uncode_shortcode_id=&#8221;146113&#8243;]Jeste\u015bmy i rozwijamy si\u0119 dla was nieustannie od 25 lat![\/vc_column_text][\/vc_column][\/vc_row]<\/p>\n<\/div>","protected":false},"excerpt":{"rendered":"<p>&nbsp; [vc_row row_height_percent=&#8221;0&#8243; override_padding=&#8221;yes&#8221; h_padding=&#8221;2&#8243; top_padding=&#8221;0&#8243; bottom_padding=&#8221;5&#8243; overlay_alpha=&#8221;50&#8243; gutter_size=&#8221;4&#8243; column_width_percent=&#8221;100&#8243; shift_y=&#8221;0&#8243; z_index=&#8221;0&#8243;][vc_column column_width_percent=&#8221;100&#8243; gutter_size=&#8221;3&#8243; overlay_alpha=&#8221;50&#8243; shift_x=&#8221;0&#8243; shift_y=&#8221;0&#8243; shift_y_down=&#8221;0&#8243; z_index=&#8221;0&#8243; medium_width=&#8221;3&#8243; [&hellip;]<\/p>\n","protected":false},"author":1,"featured_media":0,"parent":36601,"menu_order":0,"comment_status":"closed","ping_status":"closed","template":"","meta":{"footnotes":""},"class_list":["post-88715","page","type-page","status-publish","hentry"],"_links":{"self":[{"href":"https:\/\/spts.konin.pl\/index.php\/wp-json\/wp\/v2\/pages\/88715","targetHints":{"allow":["GET"]}}],"collection":[{"href":"https:\/\/spts.konin.pl\/index.php\/wp-json\/wp\/v2\/pages"}],"about":[{"href":"https:\/\/spts.konin.pl\/index.php\/wp-json\/wp\/v2\/types\/page"}],"author":[{"embeddable":true,"href":"https:\/\/spts.konin.pl\/index.php\/wp-json\/wp\/v2\/users\/1"}],"replies":[{"embeddable":true,"href":"https:\/\/spts.konin.pl\/index.php\/wp-json\/wp\/v2\/comments?post=88715"}],"version-history":[{"count":72,"href":"https:\/\/spts.konin.pl\/index.php\/wp-json\/wp\/v2\/pages\/88715\/revisions"}],"predecessor-version":[{"id":118254,"href":"https:\/\/spts.konin.pl\/index.php\/wp-json\/wp\/v2\/pages\/88715\/revisions\/118254"}],"up":[{"embeddable":true,"href":"https:\/\/spts.konin.pl\/index.php\/wp-json\/wp\/v2\/pages\/36601"}],"wp:attachment":[{"href":"https:\/\/spts.konin.pl\/index.php\/wp-json\/wp\/v2\/media?parent=88715"}],"curies":[{"name":"wp","href":"https:\/\/api.w.org\/{rel}","templated":true}]}}